 Suppose 23 + 156 = p*n - o, n - 37 = -o. What is the highest common divisor of n and 9?
9
Suppose 0 = -4*j - 12, -3*r - j + 291 = -0*j. Calculate the highest common divisor of r and 14.
14
Let r(v) = 75*v**3 + v. Let o be r(1). Calculate the greatest common factor of 38 and o.
38
Suppose -a - 3*p + 2 = -15, 3*p + 38 = 4*a. Calculate the highest common divisor of a and 33.
11
Suppose 0 = -2*x - 2*x + 48. Let n be (-126)/(-10) + (-15)/25. Calculate the highest common divisor of n and x.
12
Let g = 36 - 24. Calculate the highest common factor of g and 12.
12
Let z be (9 + 0)*(-13)/(-3). Calculate the greatest common factor of z and 26.
13
Suppose -5*p + 328 + 347 = 0. Calculate the greatest common divisor of p and 15.
15
Let h be (-3)/6*-4 + -2. Suppose h = -2*x + 162 + 14. What is the greatest common factor of x and 11?
11
Let p = 1 + 7. Let s = p - 2. Suppose -4*h = -5*b + 2, -3*b - 5*h = -s - 10. Calculate the highest common factor of b and 18.
2
Let j = -2 + 23. Suppose r - j = 3*r + 5*h, -4*r - 4*h = 12. Let u be 1 + (r - 1) - -6. Calculate the greatest common factor of u and 8.
8
Let o = -2 + 5. Suppose -c + 0*c - 3*p = -17, 0 = 2*c + 5*p - 29. Suppose 0 = 3*w + 5*v - 185 + 66, -c*v = -8. Calculate the greatest common factor of o and w.
3
Let h be (6 - 3)/3*11. What is the highest common factor of 33 and h?
11
Let h(t) = -t**2 - 9*t + 10. Let l be h(-8). What is the highest common divisor of l and 126?
18
Let x be 3/(-15) + (-41)/(-5). Suppose -5*w + x = -7. Suppose 0*c + 51 = w*c. Calculate the highest common divisor of 187 and c.
17
Let z be 7 + -5 + 0 + -9. Let o be (z/(-14))/(1/32). What is the highest common factor of o and 112?
16
Let d be (11 - 9) + (3 - 1). Let j(c) = c**3 - c**2 - 2*c + 4. Let k be j(d). Calculate the greatest common divisor of 4 and k.
4
Let s(g) = -2*g. Let o be s(-5). What is the greatest common factor of 90 and o?
10
Suppose -p + 2*p = 8. Calculate the highest common divisor of 2 and p.
2
Suppose -2*k = -5*d - 76, 4*k - 132 = -d + 6*d. What is the greatest common divisor of 84 and k?
28
Suppose -5*v + p = -67, 4*v - 2*v - 37 = -3*p. Let h = 22 - v. What is the highest common factor of h and 2?
2
Let c(s) = 7*s**3 + s**2 - 4*s + 3. Let r be c(2). What is the greatest common divisor of r and 22?
11
Let a(h) = -h**3 + 4*h**2 + 12*h + 8. Let c be a(6). Let s(z) = z**2 - 9*z + 11. Let g be s(c). What is the greatest common factor of 33 and g?
3
Suppose 3*y - 212 = 622. Let h be 2/(-4) - y/(-4). Let b = 132 - h. What is the greatest common factor of b and 9?
9
Let f be 3/(3/197) - -1. Let z(l) = -l**3 + 10*l**2 - 8*l + 13. Let o be z(9). What is the greatest common factor of f and o?
22
Let o(g) = -21*g + 1. Let d be o(-1). Suppose 5*i + y = 54, 20 = 3*i - 3*y - 16. Calculate the greatest common divisor of d and i.
11
Let i(d) = -d**3 - 4*d**2 + 5*d - 4. Let z be i(-5). Let c = -38 - -15. Let b = z - c. What is the highest common divisor of 209 and b?
19
Let b be 1068/(-60) - (-1)/(-5). Let j = 23 + b. Calculate the highest common divisor of 25 and j.
5
Suppose 3*a + 4*c - 6 + 1 = 0, 3*a = -5*c + 1. Let d = 22 - a. Calculate the greatest common factor of 15 and d.
15
Suppose -4*a + 9*a + 460 = 4*j, 3*a = -3*j + 318. Let v be 1/(-1)*(-3 + -3). Suppose v*o - 50 = o. What is the highest common divisor of o and j?
10
Suppose 16 + 12 = 4*r. Suppose b + 44 = 4*a, -a = 5*b - r + 17. Calculate the highest common divisor of 90 and a.
10
Suppose 5*g - 3 = 67. What is the highest common factor of 2 and g?
2
Suppose 7*s - 2*s = -20, -5*f + 5*s + 20 = 0. Suppose f = -4*q - 4 + 92. What is the greatest common factor of q and 22?
22
Suppose -u - 4*u = -315. Calculate the greatest common divisor of 9 and u.
9
Let u = 3 - -38. Suppose -u - 106 = -3*n. Calculate the highest common factor of 7 and n.
7
Let k = 185 - 86. Suppose -4 = 3*p - 3*g + 11, -g + 6 = -2*p. Let j = p + 12. Calculate the highest common divisor of j and k.
11
Let l be 2/(8/(-44))*-1. Let s(i) = -i**3 + 99 + 2*i**3 - 2*i + i**2 + i. Let k be s(0). What is the greatest common factor of l and k?
11
Let q(z) = z**3 - 4*z**2 + 3*z + 2. Let m be q(3). Calculate the greatest common divisor of 16 and m.
2
Let z be (-5)/((-15)/(-6)) + 5. Suppose -2*f - 2*q + z*q = 1, -1 = -3*f - q. Suppose f = -5*v + 3 + 87. Calculate the highest common divisor of 198 and v.
18
Let h(c) = c**3 - 8*c**2 + c - 3. Let w be h(8). Suppose 0 = 3*p + w*j - 245, 3*j = -5*p + 89 + 346. What is the greatest common divisor of p and 15?
15
Suppose -q - 430 = -11*q. Calculate the greatest common factor of 172 and q.
43
Let z be (-3)/(-1) + -4 + 71. Calculate the greatest common factor of z and 10.
10
Let q = 3 - 3. Suppose 4*m - 2*o - 3*o - 255 = q, -2*o = -10. Suppose u = 3*u - m. Calculate the highest common factor of u and 5.
5
Suppose 0 = -0*x + 4*x + 16. Let t be x/(-14) - 244/(-28). Let p be 70 + 4 + 4/(-2). What is the greatest common factor of t and p?
9
Suppose 0 = 3*l - 6 - 27. Suppose v - 6*v = -110. Calculate the greatest common factor of l and v.
11
Let r(m) be the third derivative of 11*m**5/30 - m**3/6 + 3*m**2. Let j be r(1). Calculate the greatest common factor of 7 and j.
7
Let f be (7 - (-24)/(-6)) + 63. What is the highest common factor of 330 and f?
66
Let b be (-66)/(-15) - 2/5. Calculate the greatest common divisor of 2 and b.
2
Suppose d - 3*s - 20 = 1, 4*d - 42 = -2*s. Let z be 57/d - 1/(-4). Calculate the highest common factor of 15 and z.
5
Let x(w) = -w**2 + 6*w - 1. Let t be x(3). Let g = t - 6. Let s(z) = -z**3 + 4*z**2 - 3*z. Let p be s(g). What is the highest common divisor of 2 and p?
2
Let j(z) = -77*z**3 - z**2 + z + 1. Let c be j(-1). Suppose -6*u + c = -2*u - w, 5*w = -20. Calculate the greatest common divisor of 6 and u.
6
Suppose -m + 17 = -0*m. Let o = m + -7. What is the highest common factor of o and 80?
10
Suppose 0 = 5*t - 3*t + 82. Let h = -22 - t. Calculate the highest common divisor of 19 and h.
19
Let t be (-2 + (-6)/(-5))/((-4)/10). Let u(o) = 6*o + 2 + 2*o**2 - 5 - 3*o**2. Let k be u(3). Calculate the greatest common divisor of k and t.
2
Let i(x) = x - 5. Let a be i(7). Let t(l) = 1 - a*l - 6 + l. Let p be t(-7). Calculate the greatest common factor of p and 16.
2
Let m(j) = -j**2 + 12*j - 4. Let s be m(12). Let a be -5 - s - 34/(-2). Calculate the greatest common factor of a and 8.
8
Suppose -2*b = -4*b + 6. Let t(a) = 6*a**3 - 4*a**2. Let d be t(b). What is the greatest common divisor of 18 and d?
18
Let n(r) = -r**2 + 9. Let j be n(0). Let g be -1 - 2 - (-2 + -82). Calculate the greatest common factor of g and j.
9
Suppose -2 = -2*r + 4. Suppose y = 5*y - 20. Suppose -4*j + y = j. Calculate the greatest common factor of r and j.
1
Suppose 5*j = 4*q + 404, -5*j - 4*q + 44 + 352 = 0. What is the greatest common divisor of j and 32?
16
Suppose 16 = -5*j - 9, 4*r + 2*j = 26. Let c be (-1)/((-2)/18*1). What is the highest common factor of c and r?
9
Let r be -1 - (-5)/(15/36). Suppose s - 6*s + 55 = 0. Calculate the highest common factor of r and s.
11
Let c(a) = 16*a - 9. Let p be c(2). Calculate the highest common divisor of p and 161.
23
Suppose 2*z + 22 = 70. Let o = 141 - z. Calculate the greatest common divisor of o and 13.
13
Let j be (-4 + 6 - -6)/1. Let r be (-322)/(-6) - (-2)/6. Let c = 94 - r. What is the greatest common divisor of c and j?
8
Let c = 253 - 5. Let i = -116 + c. Let s be 22 - 1*0/(-2). What is the greatest common divisor of i and s?
22
Suppose -3*s = -3*m + 93, 2*m - 62 = 3*s + 2*s. Calculate the greatest common factor of 62 and m.
31
Let j = 34 + -22. What is the highest common divisor of j and 8?
4
Let m(z) = z**3 - 6*z**2 + 5*z + 4. Let t be m(5). Let o(i) = 28*i - 2. Let q be o(t). What is the greatest common divisor of q and 10?
10
Let j(y) = y**3 - 9*y**2 + 11*y - 5. Let v be j(8). Let k be 1032/18 + (-2)/6. What is the greatest common factor of k and v?
19
Let m = -101 - -105. Suppose 3*b = -t + 103, -3*b = -5*t + t - 128. What is the highest common factor of m and b?
4
Let s = 28 - -48. What is the greatest common divisor of s and 19?
19
Suppose -2*c + 212 = -5*h + 2*h, -c = h - 96. What is the highest common divisor of c and 20?
20
Suppose -4 + 8 = 4*g. Let t be g + 68 + 9/3. Calculate the highest common factor of 